pose 5 = -0*f - f - 3*k, -7 = -4*f - 3*k. Let t be 36/(6/f*1). Suppose 2*d + t = 6*d. What is the units digit of d?
6
Let q(c) = c**2 + c - 1. Let t be q(3). Suppose 5 - t = d. Let a(h) = -h + 1. What is the units digit of a(d)?
7
Suppose 56 = -6*i + 2*i. What is the units digit of (12/i)/(4/(-56))?
2
Let w(k) = -k**3 - 26*k**2 - 9*k + 40. What is the units digit of w(-26)?
4
Let y be (-21 - 1)/((-1)/10). What is the tens digit of y/18 - 4/18?
1
Suppose 5*x = 4*k - 5, -5*x + 2*x + k = -4. Suppose -x*r + 1 = 5*g + 4, 3*r = -2*g + 6. What is the units digit of (2/4)/(g/(-72))?
2
Suppose 3*o = 0, -678 = -3*v + 4*o - 2*o. What is the hundreds digit of v?
2
Suppose 0 = -4*c + 19 + 33. What is the tens digit of c?
1
Suppose 4 = 4*m + 24. What is the tens digit of (-72)/m + (-2)/5?
1
What is the hundreds digit of 501/2 - (-2)/4?
2
Suppose 0 = -4*y - q - 24 + 87, 4*y + 4*q - 72 = 0. Let u(t) = t**3 - 5*t**2 + 4*t + 1. Let c be u(4). What is the units digit of ((-1)/(-3))/(c/y)?
5
Let q = -11 + 33. Let w = -13 + q. What is the units digit of (-2)/3 - (-24)/w?
2
Suppose 0 = 3*j - 3*r - 225, 0*j + 2*j = 4*r + 150. What is the tens digit of j?
7
Let o = 94 + -34. What is the tens digit of o?
6
Suppose 4 = 2*f + 2*z, 0*f + 4*z = 3*f + 29. Let x(w) = w**3 + 3*w**2 - w - 4. Let r be x(f). What is the tens digit of 6 - 4 - (-15 - r)?
1
Let k(s) = s**3 - 6*s**2 + 1. Let v be (-15)/(-2) - 9/6. What is the units digit of k(v)?
1
Let b be 1*2 - 14/(-7). Suppose p - b*u - 11 = 0, -3*p + 3*u = -u - 25. What is the units digit of p?
7
Let w be (-13)/(-4) - (-2)/(-8). Suppose m - 5 = 0, w*i - 1 - 5 = 3*m. What is the units digit of i?
7
Let t(r) = -r - 8. Let q be t(-6). Let p(o) = -7*o + 1. What is the units digit of p(q)?
5
Suppose 0*v + 327 = l - 5*v, 4*v = l - 329. What is the hundreds digit of l?
3
What is the units digit of 35 - (2 - 4 - -1)?
6
Let x = -15 - -38. What is the units digit of x?
3
Let g(k) be the third derivative of 1/6*k**3 - 2*k**2 + 1/24*k**4 + 0*k + 1/20*k**5 + 0. What is the units digit of g(-1)?
3
What is the units digit of (-6)/8 - 38/(-8)?
4
Let r(v) = 19*v - 22. What is the tens digit of r(9)?
4
Let s(g) = -4 - 7*g - g + 2*g - g**2. What is the units digit of s(-5)?
1
Let t = 36 - -171. What is the hundreds digit of t?
2
Suppose 5*o + 2*b - 654 = 0, o + 7*b - 3*b = 138. What is the tens digit of o?
3
Let f = 4 - 3. Let a be (-2 - -3)/(f/8). What is the units digit of (-4 - -1)*a/(-12)?
2
Let w = -160 + 226. Suppose 0*t + w = 2*t. What is the units digit of t?
3
What is the tens digit of 81/12*32/12?
1
Suppose 2373 = -7*s + 14*s. What is the tens digit of s?
3
Let g(v) = -v + 21. Suppose -5*a - 15 = -2*z, z + 4*a + 5 = -7. What is the tens digit of g(z)?
2
Let y be (39/18 + -1)*6. What is the units digit of 168/y*3/4?
8
Suppose 0*v - 2*v + 4 = 0. What is the units digit of v/(24/(-14) - -2)?
7
Suppose -5*f = 4*z - 318, 2*f + 75 = z + f. Suppose 4*b + 3*w = -b + 121, 3*b + 4*w = z. What is the tens digit of b?
2
Let j be 1/4 - (-30)/8. Let h(u) = u**3 - 4*u**2 + u + 4. What is the units digit of h(j)?
8
Suppose 4*v - 96 = 8*v. Let a = -13 - v. What is the units digit of a?
1
Let f = 7 - 25. Let j = 27 + f. Suppose 5*w = 1 + j. What is the units digit of w?
2
Suppose 3*u + 135 = 4*w + 8*u, 3*w + 3*u = 99. What is the tens digit of w?
3
Suppose -2*g = -3*l + 9, g - 4*l + 14 = -g. Suppose -2*k = g*k. Suppose k = -5*b - 2 + 42. What is the units digit of b?
8
Let g be (12/9)/2*3. Suppose -g*i = 2*i. Suppose v - 2*v + 3 = i. What is the units digit of v?
3
Let h = 67 + -45. What is the units digit of h?
2
Let u = 6 - 4. Suppose c + u*c - 9 = 0. Suppose 4*s - c = 5. What is the units digit of s?
2
Suppose 2*p = 4*p - 30. Suppose 5*j + 2*i - p = -3*i, -i = 0. Suppose 3*z + c = z + 21, 54 = 5*z + j*c. What is the units digit of z?
9
Suppose 6 = 2*w - 234. What is the units digit of w?
0
Let v = 14 + 20. What is the units digit of v?
4
Let f(w) = 6*w - 22. What is the tens digit of f(9)?
3
Let p(t) be the third derivative of -t**6/120 - 3*t**5/20 - t**4/24 - t**3/3 + 3*t**2. What is the units digit of p(-9)?
7
What is the units digit of 9/(-15) - 106/(-10)?
0
Let v be ((-2)/6)/1*-9. Suppose -4 = -4*u, s + v*u - 8 = -u. Suppose -1 = -s*c + 3*c. What is the units digit of c?
1
Let s(m) = 3*m - 9. Let b(k) = 4*k - 14. Let g(t) = -5*b(t) + 7*s(t). What is the units digit of g(-6)?
1
Let j(i) = -i**3 + 3*i**2 + 6*i - 3. Let x(z) = -2*z - 6. Let c be x(-5). What is the units digit of j(c)?
5
Let r be (82/5)/((-10)/(-25)). Let g = -6 + r. What is the units digit of g?
5
Suppose 2*b + 2 = -3*x, 3*b + 4 = -b + 3*x. Let k(l) = -l**2 + l - 4. Let d be k(0). Let v = b - d. What is the units digit of v?
3
Let t(j) = -j**3 + 7*j**2. Let v be t(6). Let r = v + -1. What is the tens digit of r?
3
Suppose 2*x = 6*q - 3*q - 184, -4*q = -x - 237. What is the units digit of q?
8
Let w(j) be the first derivative of -j**4/4 - 7*j**3/3 + 7*j**2/2 - 7*j + 3. What is the units digit of w(-8)?
1
Suppose 3*q = 4*f + 607, 0 = -q + 4*f + f + 195. What is the tens digit of q?
0
Suppose 4 + 3 = y. Let v(r) = -r**2 + y*r**3 - 2*r**2 + 4*r**2 - 2*r - 2 + 3. What is the units digit of v(1)?
7
Suppose -8 + 3 = -5*b. Let o = 2 + b. Suppose 0 = -3*x + o*w + 9, -4*x = -2*w - 3 - 5. What is the units digit of x?
1
Suppose -3*o + 202 = 5*y, 4*o - 4*y - 19 = 229. What is the tens digit of o?
6
Let n = 66 + -38. Suppose -5*k + n = -k. What is the units digit of 2/k + (-270)/(-35)?
8
Let b be (-15)/4 + 27/36. What is the units digit of 1/((-260)/88 - b)?
2
Let r be 5*(1 + (-4)/(-20)). Let f = 3 + r. What is the units digit of f?
9
Let x be 64/12 + (-2)/6. What is the tens digit of (-40)/16*(-38)/x?
1
Suppose -87 = -3*y + 210. What is the tens digit of y?
9
Let p(r) = 3 + 3*r**2 - 2 - 6 + r + 3 + r**3. Let s be p(-3). Let f(z) = -4*z - 5. What is the tens digit of f(s)?
1
Suppose -o = -0*o + 4. Let t(q) = -q**2 - 3*q - 2. Let n be t(o). Let h = n - -11. What is the units digit of h?
5
Let a = 1 - -3. Suppose -a*l + 3 = -5. Let j = 6 + l. What is the units digit of j?
8
Let t(z) = 2*z - 2. Let i be t(4). Suppose -i*l = -l - 90. What is the tens digit of l?
1
Suppose 5*w = -14 - 1. Let k(d) = 1. Let j(u) = -3*u + 7. Let r(m) = w*k(m) + j(m). What is the units digit of r(-4)?
6
Let k be -38 + 1 + (1 - 0). What is the units digit of 1/(1 + k/39)?
3
Suppose 0 = -4*h + 34 + 30. Suppose 0 = d - 2*d + h. What is the tens digit of d?
1
Let n(b) = b**3 - 6*b**2 + 4*b - 9. Let s = 5 - -1. Let g be n(s). Suppose -3*z + g = 2*z. What is the units digit of z?
3
Let x(h) = -23*h + 1. Let z(a) = a. Let v(b) = x(b) + z(b). What is the units digit of v(-1)?
3
What is the hundreds digit of (-4 + 52)/(-4)*(-19)/2?
1
Let a = 296 + -160. What is the hundreds digit of a?
1
Suppose -2*c - 4 = -0*c. Let d be c + (-3 - (-3 - -3)). What is the units digit of d - (0 + -3) - -12?
0
Suppose -j - 1 = -34. Suppose -5*g + 3*v + 122 = 0, -5*g - 5*v + j + 57 = 0. What is the units digit of g?
2
What is the units digit of 8/68 - (-4248)/17?
0
Suppose -2*x + 126 = 16. Let m = x + -31. What is the tens digit of m?
2
Let k(b) = b**2 - b. Suppose 2*h + 12 = 2*j - 2*h, 4*h + 12 = -2*j. Let l be k(j). What is the units digit of -1 + (l + 8 - 2)?
5
Let a(q) = 2*q - 5. Let j be 3/(-2) - 3/(-6). Let z be ((-3)/(-2))/(j/(-4)). What is the units digit of a(z)?
7
Suppose 29 + 1 = 3*b - 3*m, -4*b = 5*m - 31. Suppose -b*d = -11*d + 58. What is the units digit of d?
9
Let f be (2 - 1 - 1) + -54. Let w = -26 - f. Suppose 0*d = -4*d + w. What is the units digit of d?
7
Let o = -38 + 183. What is the tens digit of o?
4
Let d = 6 - 5. Let a(q) = q - 1. Let v(h) = -3*h + 2. Let g(r) = -2*a(r) - v(r). What is the units digit of g(d)?
1
Suppose -8*r + 2*r + 426 = 0. What is the units digit of r?
1
Let a = 24 - -159. What is the hundreds digit of a?
1
What is the units digit of 2 - (3 - 2) - -21?
2
Let z = 16 - 23. Let n = 15 + z. What is the units digit of n?
8
Let q(f) = f**3 - 2*f**2 + 2*f - 2. Let p be q(2). Suppose j - 5*j + 28 = t, -4*j + 48 = p*t. What is the tens digit of t?
2
Let s = 1 + -5. Let n = s + 10. What is the units digit of n?
6
Let f(i) = i**3 - 2*i**2 + 4*i + 5. What is the units digit of f(4)?
3
Let n(x) = x**2 - x + 4. Let 